[INFO] cloning repository https://github.com/szclsya/apm
[INFO] running `Command { std: "git" "-c" "credential.helper=" "-c" "credential.helper=/workspace/cargo-home/bin/git-credential-null" "clone" "--bare" "https://github.com/szclsya/apm" "/workspace/cache/git-repos/https%3A%2F%2Fgithub.com%2Fszclsya%2Fapm", kill_on_drop: false }`
[INFO] [stderr] Cloning into bare repository '/workspace/cache/git-repos/https%3A%2F%2Fgithub.com%2Fszclsya%2Fapm'...
[INFO] running `Command { std: "git" "rev-parse" "HEAD", kill_on_drop: false }`
[INFO] [stdout] d43ee0e484f3aa898183d65bb50ce4f93ff2d311
[INFO] building szclsya/apm against master#881c1ac408d93bb7adaa3a51dabab9266e82eee8 for issue-85264
[INFO] running `Command { std: "git" "clone" "/workspace/cache/git-repos/https%3A%2F%2Fgithub.com%2Fszclsya%2Fapm" "/workspace/builds/worker-4/source", kill_on_drop: false }`
[INFO] [stderr] Cloning into '/workspace/builds/worker-4/source'...
[INFO] [stderr] done.
[INFO] validating manifest of git repo https://github.com/szclsya/apm on toolchain 881c1ac408d93bb7adaa3a51dabab9266e82eee8
[INFO] running `Command { std: "/workspace/cargo-home/bin/cargo" "+881c1ac408d93bb7adaa3a51dabab9266e82eee8" "metadata" "--manifest-path" "Cargo.toml" "--no-deps", kill_on_drop: false }`
[INFO] started tweaking git repo https://github.com/szclsya/apm
[INFO] finished tweaking git repo https://github.com/szclsya/apm
[INFO] tweaked toml for git repo https://github.com/szclsya/apm written to /workspace/builds/worker-4/source/Cargo.toml
[INFO] crate git repo https://github.com/szclsya/apm already has a lockfile, it will not be regenerated
[INFO] running `Command { std: "/workspace/cargo-home/bin/cargo" "+881c1ac408d93bb7adaa3a51dabab9266e82eee8" "fetch" "--manifest-path" "Cargo.toml", kill_on_drop: false }`
[INFO] running `Command { std: "docker" "create" "-v" "/var/lib/crater-agent-workspace/builds/worker-4/target:/opt/rustwide/target:rw,Z" "-v" "/var/lib/crater-agent-workspace/builds/worker-4/source:/opt/rustwide/workdir:ro,Z" "-v" "/var/lib/crater-agent-workspace/cargo-home:/opt/rustwide/cargo-home:ro,Z" "-v" "/var/lib/crater-agent-workspace/rustup-home:/opt/rustwide/rustup-home:ro,Z" "-e" "SOURCE_DIR=/opt/rustwide/workdir" "-e" "CARGO_TARGET_DIR=/opt/rustwide/target" "-e" "CARGO_HOME=/opt/rustwide/cargo-home" "-e" "RUSTUP_HOME=/opt/rustwide/rustup-home" "-w" "/opt/rustwide/workdir" "-m" "1610612736" "--user" "0:0" "--network" "none" "ghcr.io/rust-lang/crates-build-env/linux@sha256:20528e8c29e4536546f0102ce88568b16ea7538393a33fcca951030f7af10457" "/opt/rustwide/cargo-home/bin/cargo" "+881c1ac408d93bb7adaa3a51dabab9266e82eee8" "metadata" "--no-deps" "--format-version=1", kill_on_drop: false }`
[INFO] [stdout] 3bd69dbd4ee67ff3f85f649365e02e866168dfed1f31cd6645b15d79a902ca94
[INFO] [stderr] WARNING: Your kernel does not support swap limit capabilities or the cgroup is not mounted. Memory limited without swap.
[INFO] running `Command { std: "docker" "start" "-a" "3bd69dbd4ee67ff3f85f649365e02e866168dfed1f31cd6645b15d79a902ca94", kill_on_drop: false }`
[INFO] running `Command { std: "docker" "inspect" "3bd69dbd4ee67ff3f85f649365e02e866168dfed1f31cd6645b15d79a902ca94", kill_on_drop: false }`
[INFO] running `Command { std: "docker" "rm" "-f" "3bd69dbd4ee67ff3f85f649365e02e866168dfed1f31cd6645b15d79a902ca94", kill_on_drop: false }`
[INFO] [stdout] 3bd69dbd4ee67ff3f85f649365e02e866168dfed1f31cd6645b15d79a902ca94
[INFO] running `Command { std: "docker" "create" "-v" "/var/lib/crater-agent-workspace/builds/worker-4/target:/opt/rustwide/target:rw,Z" "-v" "/var/lib/crater-agent-workspace/builds/worker-4/source:/opt/rustwide/workdir:ro,Z" "-v" "/var/lib/crater-agent-workspace/cargo-home:/opt/rustwide/cargo-home:ro,Z" "-v" "/var/lib/crater-agent-workspace/rustup-home:/opt/rustwide/rustup-home:ro,Z" "-e" "SOURCE_DIR=/opt/rustwide/workdir" "-e" "CARGO_TARGET_DIR=/opt/rustwide/target" "-e" "CARGO_INCREMENTAL=0" "-e" "RUST_BACKTRACE=full" "-e" "RUSTFLAGS=--cap-lints=forbid" "-e" "CARGO_HOME=/opt/rustwide/cargo-home" "-e" "RUSTUP_HOME=/opt/rustwide/rustup-home" "-w" "/opt/rustwide/workdir" "-m" "1610612736" "--user" "0:0" "--network" "none" "ghcr.io/rust-lang/crates-build-env/linux@sha256:20528e8c29e4536546f0102ce88568b16ea7538393a33fcca951030f7af10457" "/opt/rustwide/cargo-home/bin/cargo" "+881c1ac408d93bb7adaa3a51dabab9266e82eee8" "build" "--frozen" "--message-format=json", kill_on_drop: false }`
[INFO] [stdout] 113bf400a8e8850501c7e246d7e5e0fa2149f3c1bd6807894ea63c46a0013cc9
[INFO] [stderr] WARNING: Your kernel does not support swap limit capabilities or the cgroup is not mounted. Memory limited without swap.
[INFO] running `Command { std: "docker" "start" "-a" "113bf400a8e8850501c7e246d7e5e0fa2149f3c1bd6807894ea63c46a0013cc9", kill_on_drop: false }`
[INFO] [stderr]    Compiling libc v0.2.94
[INFO] [stderr]    Compiling anyhow v1.0.40
[INFO] [stderr]    Compiling unicode-width v0.1.8
[INFO] [stderr]    Compiling lazy_static v1.4.0
[INFO] [stderr]    Compiling regex v1.4.6
[INFO] [stderr]    Compiling terminal_size v0.1.16
[INFO] [stderr]    Compiling console v0.14.1
[INFO] [stderr]    Compiling apm v0.1.0 (/opt/rustwide/workdir)
[INFO] [stdout] error[E0432]: unresolved import `libc`
[INFO] [stdout]  --> src/apmsolver/mod.rs:3:5
[INFO] [stdout]   |
[INFO] [stdout] 3 | use libc::c_int;
[INFO] [stdout]   |     ^^^^ use of undeclared crate or module `libc`
[INFO] [stdout] 
[INFO] [stdout] 
[INFO] [stdout] error[E0412]: cannot find type `PackageMeta` in this scope
[INFO] [stdout]   --> src/apmsolver/mod.rs:26:64
[INFO] [stdout]    |
[INFO] [stdout] 26 |     pub fn install(&self, to_install: &[String]) -> Result<Vec<PackageMeta>, SolveError> {
[INFO] [stdout]    |                                                                ^^^^^^^^^^^ not found in this scope
[INFO] [stdout]    |
[INFO] [stdout] help: consider importing this struct
[INFO] [stdout]    |
[INFO] [stdout] 2  | use crate::apmsolver::dpkg::PackageMeta;
[INFO] [stdout]    |
[INFO] [stdout] 
[INFO] [stdout] 
[INFO] [stdout] error[E0412]: cannot find type `PackageMeta` in this scope
[INFO] [stdout]   --> src/apmsolver/mod.rs:30:62
[INFO] [stdout]    |
[INFO] [stdout] 30 |     pub fn remove(&self, to_remove: &[String]) -> Result<Vec<PackageMeta>, SolveError> {
[INFO] [stdout]    |                                                              ^^^^^^^^^^^ not found in this scope
[INFO] [stdout]    |
[INFO] [stdout] help: consider importing this struct
[INFO] [stdout]    |
[INFO] [stdout] 2  | use crate::apmsolver::dpkg::PackageMeta;
[INFO] [stdout]    |
[INFO] [stdout] 
[INFO] [stdout] 
[INFO] [stdout] error[E0412]: cannot find type `PackageMeta` in this scope
[INFO] [stdout]   --> src/apmsolver/mod.rs:34:41
[INFO] [stdout]    |
[INFO] [stdout] 34 |     pub fn upgrade(&self) -> Result<Vec<PackageMeta>, SolveError> {
[INFO] [stdout]    |                                         ^^^^^^^^^^^ not found in this scope
[INFO] [stdout]    |
[INFO] [stdout] help: consider importing this struct
[INFO] [stdout]    |
[INFO] [stdout] 2  | use crate::apmsolver::dpkg::PackageMeta;
[INFO] [stdout]    |
[INFO] [stdout] 
[INFO] [stdout] 
[INFO] [stdout] error[E0412]: cannot find type `PackageMeta` in this scope
[INFO] [stdout]   --> src/apmsolver/mod.rs:38:46
[INFO] [stdout]    |
[INFO] [stdout] 38 |     pub fn dist_upgrade(&self) -> Result<Vec<PackageMeta>, SolveError> {
[INFO] [stdout]    |                                              ^^^^^^^^^^^ not found in this scope
[INFO] [stdout]    |
[INFO] [stdout] help: consider importing this struct
[INFO] [stdout]    |
[INFO] [stdout] 2  | use crate::apmsolver::dpkg::PackageMeta;
[INFO] [stdout]    |
[INFO] [stdout] 
[INFO] [stdout] 
[INFO] [stdout] error: aborting due to 5 previous errors
[INFO] [stdout] 
[INFO] [stdout] 
[INFO] [stdout] Some errors have detailed explanations: E0412, E0432.
[INFO] [stdout] 
[INFO] [stdout] For more information about an error, try `rustc --explain E0412`.
[INFO] [stdout] 
[INFO] [stderr] error: could not compile `apm`
[INFO] [stderr] 
[INFO] [stderr] To learn more, run the command again with --verbose.
[INFO] running `Command { std: "docker" "inspect" "113bf400a8e8850501c7e246d7e5e0fa2149f3c1bd6807894ea63c46a0013cc9", kill_on_drop: false }`
[INFO] running `Command { std: "docker" "rm" "-f" "113bf400a8e8850501c7e246d7e5e0fa2149f3c1bd6807894ea63c46a0013cc9", kill_on_drop: false }`
[INFO] [stdout] 113bf400a8e8850501c7e246d7e5e0fa2149f3c1bd6807894ea63c46a0013cc9
